 2*p + h = 0, f - 53 - 26 = -5*p. What is the remainder when f is divided by 17?
8
Let f be 5*(24/4 + (-8 - -3)). Suppose 2*t = -2*k, t - 3*t + 15 = f*k. What is the remainder when 82 is divided by k?
2
Suppose 0 = -w - 5 + 43. Let x = -515 + 1485. Suppose -x = 9*t - 2662. Calculate the remainder when t is divided by w.
36
Let v = 2073 + 808. Suppose -v = -17*d - 569. What is the remainder when d is divided by 43?
7
Let u = 1806 + -1501. Calculate the remainder when u is divided by 78.
71
Let h = 22678 + -21956. What is the remainder when h is divided by 5?
2
Suppose 5 = 5*y + 5*j - 75, -2*y + 27 = -3*j. What is the remainder when 9553 is divided by y?
13
Let a = 20702 + -20695. What is the remainder when 195 is divided by a?
6
Let j(a) = 381*a + 111. Calculate the remainder when 5770 is divided by j(0).
109
Let n(l) = l**3 + 37*l**2 - 2634*l + 263. Calculate the remainder when (171/4)/((-2)/(-8)) is divided by n(36).
30
Suppose -2*c + 39 = d, -4*d - 4*c - 195 = -9*d. Let x = -35 + d. Suppose -3*m - 4*b + x = -75, -m + 2*b = -43. What is the remainder when 163 is divided by m?
31
Suppose 4*d + 299*n = 298*n + 90, -5*d - 5*n + 105 = 0. What is the remainder when 33 is divided by d?
10
Suppose 18*p - 22*p = 4*a + 8, 4*a + 2*p = 2. Suppose a*h - 902 = 385. Calculate the remainder when h is divided by 72.
69
Let w(o) = 27*o + 51. Let n be w(-3). Suppose -2*r + 138 + 76 = 0. What is the remainder when r is divided by 40/n - 224/(-6)?
35
Let r(v) = -2*v**3 + 38*v**2 + 30*v + 31. Calculate the remainder when r(18) is divided by 47.
44
Suppose 12*a = 9*a + 15. Suppose 3*k - 3 = 2*k - i, 0 = -a*k - i + 19. What is the remainder when 67 is divided by k?
3
Let z(r) be the second derivative of -r**4/12 - 13*r**3/6 + 75*r**2 + 2*r - 24. Calculate the remainder when 327 is divided by z(7).
7
Suppose 0 = 7*n - 0*n + 1225. Let f = n + 177. Let b(y) = -y**2 - 9*y + 3. What is the remainder when b(-8) is divided by f?
1
Suppose -q + 3*q + f = 240, q - 2*f - 125 = 0. Let n = -76 + 79. Suppose -8*z + 161 = -3*z + n*c, -5*z + c = -153. What is the remainder when q is divided by z?
28
Suppose -34 + 5156 = 13*b. Suppose -18 = -2*a + 6. Calculate the remainder when b is divided by a.
10
Suppose 3*j - 86749 = -37*j + 29771. Calculate the remainder when j is divided by 36.
33
Suppose -2*s + 5 = -27. Suppose -34*r = -48*r + 126. Calculate the remainder when (-93)/(-2) + r/(-18) is divided by s.
14
Let n(j) = j**3 - 57*j**2 - 160*j - 15. Let b be n(60). Suppose 5*g - 5*h - b = 0, 22*h - 20*h = -4*g + 978. What is the remainder when g is divided by 83?
76
Let i(x) = x**2 + 16*x - 669. Calculate the remainder when i(28) is divided by 188.
187
Suppose 2435717 = 237*d - 541951. What is the remainder when d is divided by 8?
4
Let t be (-2 + 3)/(4/(-28)). Let f(a) = 19 + 44*a + 2*a**2 + 0*a**2 + 42*a - 82*a. What is the remainder when f(t) is divided by 15?
14
Let j be 15*-4*(-40)/24. Let l = 45 - 41. Suppose -2*x - l + j = 0. Calculate the remainder when 142 is divided by x.
46
Suppose 39*x - 4*u - 76 = 35*x, 4*u = -4*x + 76. Calculate the remainder when 1323 is divided by x.
12
Let t = 3955 + 4006. What is the remainder when t is divided by 135?
131
Suppose 5923*d = 5912*d + 121. Calculate the remainder when 198 is divided by d.
0
Let b(w) = w**2 - 11*w + 18. Let m = 205 - 129. Let v = m - 66. Calculate the remainder when 28 is divided by b(v).
4
Suppose t - 181*x = -177*x + 1162, 5*x + 20 = 0. What is the remainder when t is divided by 381?
3
Calculate the remainder when (0 + (-76)/(-6))*24 is divided by (-7 + 13)*22/6.
18
Let o(s) = -s**3 + 6*s**2 - 7*s - 8. Let l be o(6). Let t be (12*5/l)/((-2)/5). Suppose -t*d = 2*d - 125. What is the remainder when 71 is divided by d?
21
Suppose -7*z + 25 = -31. What is the remainder when 194 is divided by (-276)/(-10) + z + (-152)/20?
26
Suppose 2*d = 5*c - 2081, 2041 = 5*c - 5*d + 8*d. What is the remainder when c is divided by 18?
17
Let w(h) = 2*h**3 - 8*h**2 - 5*h. Let b = 52 - 47. Calculate the remainder when w(b) is divided by 27/2 - 8/16.
12
Let l(m) be the first derivative of -m**4/4 + 7*m**3/3 - 3*m**2/2 + 7*m + 18. Calculate the remainder when 209 is divided by l(5).
41
Let g(j) = -23*j. Calculate the remainder when g(-10) is divided by (18480/960)/((-2)/(-8)).
76
Let r be (-7530)/24 + -4 - (-1)/(-4). Let b = 332 + r. What is the remainder when 193 is divided by b?
11
Suppose -n + 0*n = -5. Let c be (-78)/182 - (-2402)/(-14). Let i = 184 + c. What is the remainder when i is divided by n?
2
Let w = -284 - -262. Let n = 197 + w. What is the remainder when n is divided by 59?
57
Calculate the remainder when 1962/4 - 1 - (19 + 516/(-24)) is divided by 100.
92
Suppose -3*k + 4*i + 498 = 0, -79*k = -80*k - 4*i + 134. Suppose 0 = s + 4*u - 54, 3*u - 2*u = -s + 45. What is the remainder when k is divided by s?
32
Calculate the remainder when ((-474324)/(-522))/((-4)/(-30)) is divided by 124.
119
Suppose 8*v = 2259 + 5469. Calculate the remainder when 2909 is divided by v.
11
Suppose -4*c = 243 + 29. Let a(i) = i**2 - 3*i + 4. Calculate the remainder when 4/(3 - c/(-36))*30 is divided by a(-3).
20
Suppose -4*u + 3*u = -2*n + 16, n - 2*u - 11 = 0. Let b(h) = -19*h + 193. What is the remainder when b(n) is divided by 17?
9
Calculate the remainder when 359 is divided by (-9321)/(-27) - ((-122)/18 - -7).
14
Let p be 16/12*21 + -4. Suppose -5*z + p + 21 = 0. What is the remainder when z is divided by (-34)/51*6/(-4) + 1?
1
Suppose -631*r - 4512 = -678*r. Let q(j) = -j**3 - 2*j**2 + 6*j + 6. Calculate the remainder when r is divided by q(-4).
12
Let x = 1450 - 1374. What is the remainder when 430 is divided by x?
50
Suppose -26348 = 256*g - 71916. What is the remainder when 7829 is divided by g?
175
Let t = 751 - 470. Suppose s + t = 3*i, 3*s - 7*s = i - 85. What is the remainder when i is divided by 36?
21
Suppose -v - 3 = -18. Calculate the remainder when 36/72*(36 + (-3 - -1)) is divided by v.
2
Suppose 7*j = 2*j + 4*a + 100, -5*j + a + 100 = 0. What is the remainder when ((-3717)/295)/63 - (-566)/5 is divided by j?
13
What is the remainder when (-530)/30*-3*1 is divided by (-2)/(-14)*-308*11/(-44)?
9
Let d(c) = 25*c**3 + 9*c**2 - 7*c - 2. Let w be d(1). What is the remainder when 78 + -5*5/w is divided by 36?
5
Suppose 0 = 31*k - 34*k + 3. What is the remainder when 98 is divided by 55/(-66)*(k - 31)?
23
Suppose -60*v = -174 - 3186. Calculate the remainder when 153 is divided by v.
41
Suppose 677*l + 2220 = 1414*l - 707*l. Calculate the remainder when l is divided by 62.
12
Let c(p) be the second derivative of -p**4/12 + 10*p**3/3 - 2*p**2 - 150*p - 2. What is the remainder when c(7) is divided by 30?
27
Suppose 3*f = -g + 64, -3*g = 172*f - 175*f - 132. What is the remainder when 98 is divided by g?
0
Let f = 57 - 54. Suppose -f*p = -p + 3*l + 1, 0 = -3*p + 4*l + 7. Calculate the remainder when 42 is divided by p*24*(2 + 15/(-10)).
6
Suppose 5*a - 5 = 2*c, c - 2*a = 3*c - 30. Suppose 17*j = 1570 - 1179. Suppose -c*n = -173 + j. Calculate the remainder when n is divided by 6.
3
Let f(t) = 6*t + 35. Let l be f(-6). Calculate the remainder when (-4 - l)/(3/(-238)) is divided by 16.
14
Suppose 2*c + 30*j = 29*j + 294, c - j - 156 = 0. What is the remainder when 8246 is divided by c?
146
Let m = 35391 + -35197. Suppose -f - 9 = -59. Calculate the remainder when m is divided by f.
44
Let h = 28266 + -28259. What is the remainder when 1442 is divided by h?
0
Calculate the remainder when 297 is divided by (-8524)/(-82) + 518/10619.
89
Let z(m) = m**3 - 7*m**2 + 6*m - 3. Let l be z(6). Let p(j) = 64*j - 4. What is the remainder when p(1) is divided by l/(-2)*(2 + 138/9)?
8
Suppose -395*k + 274 = x - 391*k, -x + 264 = -k. What is the remainder when 544 is divided by x?
12
Suppose -20*c + 5*c = -570. Suppose -4*t + 3*k + 12 = 0, 2*t - 7*t = 2*k - c. Calculate the remainder when t is divided by 1.
0
Suppose 2*a - 4*a - 2 = t, -3*t = 6. Suppose a = -w, -15*y + 16*y = 4*w + 264. What is the remainder when y is divided by 19?
17
What is the remainder when 100 is divided by (-128)/48*387/(-12)?
14
Let t = -4693 - -4720. Calculate the remainder when 1930 is divided by t.
13
Suppose -22*w = -135 - 85. What is the remainder when 65 is divided by -1